 = 4*i - 7203. Is r prime?
True
Let a be ((-309)/(-6))/((-2)/(-52)). Suppose 4*r = -d + 6257, 0 = 5*d + 2*r - 5862 - 25351. Suppose -d - a = -4*p. Is p composite?
True
Let c = -71 + 75. Suppose 15972 = 4*v - 4*i, c*i - 4169 + 12163 = 2*v. Is v prime?
True
Let y(o) = 2356*o**2 - 68*o - 463. Is y(-26) a composite number?
True
Let i = -436 - -1223. Suppose 5*k - i + 12053 = 2*l, l + 3*k - 5611 = 0. Is l a composite number?
False
Let p be 3/(-4) + 56355/20. Suppose -15794 = 7*m - 2382. Let j = p + m. Is j composite?
True
Let d = 39 + -100. Let p = 63 + d. Suppose -p*g + 235 = -355. Is g prime?
False
Suppose -170814017 = -56*w + 65806871. Is w a composite number?
False
Suppose -11*o + 91918 - 34993 = 0. Suppose -o - 6663 = -3*x. Is x a composite number?
True
Suppose 2*u + 0*u = 4*u. Suppose u = 2*g - 0 - 2. Is 7 + -9 + (1843 - 0/g) a composite number?
True
Let z = 101 - 97. Suppose 2 = -2*v, -2*y - z*v = -5*v - 15509. Is y a composite number?
True
Suppose 0 = 4*q + 64 - 12. Let p(i) = -23*i - 48. Is p(q) composite?
False
Suppose 4*m + 3 = 2*c + 17, 0 = 3*c + 9. Suppose 6*i - m*i - 16 = 0, 1384 = 2*t + 4*i. Suppose t = o + a - 6*a, -3 = a. Is o prime?
False
Let k = -113 + -61. Let h(s) = -s**3 + 18*s**2 + 37*s + 25. Let z be h(19). Let x = z - k. Is x a prime number?
True
Let f = -20331 - -55322. Is f prime?
False
Let y(i) = 610*i**2 - 242*i - 29. Is y(23) a prime number?
False
Let n(l) = l**3 + 5*l**2 + 5*l. Let o be n(-4). Is 838*(5/20)/(o/(-8)) a composite number?
False
Let m = -8948 + 13501. Is m composite?
True
Let m(b) = -b**3 - 24*b**2 + 54*b + 54. Let q be m(-26). Suppose -6*c = -q*t - c + 2138, 2*t = c + 2138. Is t prime?
True
Suppose -7*x + 4*j = -2158429, -5*x + 7*x - 616694 = j. Is x composite?
True
Let m(d) = 17*d - 117. Let v be m(14). Suppose -2*g + 513 = 4*b - v, -g = 5*b - 326. Is g composite?
False
Suppose 2*x + 3*w = 18248, -12*w - 19212 + 64859 = 5*x. Is x composite?
True
Suppose -37*c + 71*c = 44*c - 4944830. Is c composite?
True
Let i = 82588 + -41055. Is i composite?
True
Is (1/(-1))/(3889047921/(-81021831) - -48) a prime number?
True
Suppose 51 = 5*r + 26, 0 = 5*p + r - 204480. Is p a prime number?
False
Let l(w) = 310*w**2 - 15*w - 4 - 13 + 10*w. Let b(r) = -311*r**2 + 5*r + 17. Let g(q) = 3*b(q) + 4*l(q). Is g(-3) a prime number?
False
Suppose -1507141 = -26*s + 2741414 + 67783. Is s a prime number?
True
Let r(w) = 235*w - 3. Let o = 47 + -42. Let l be r(o). Suppose -7*b + l = -3*b. Is b a prime number?
True
Suppose 5*u + 5*z - 145 = 0, z - 1 = -0*z. Let x be 36/(-54) + u/6. Suppose -x*d + 2*d + 190 = 0. Is d prime?
False
Suppose 67546 = r - o, 4*r + 20*o - 270187 = 21*o. Is r a prime number?
True
Is 6935610/180 + 6/(-36) prime?
False
Is (-1 + (-3)/(-5))/(96/120)*-1113674 a prime number?
False
Suppose 46*y - 47*y = -6. Is 12297/y - (2 + (-28)/8) a prime number?
False
Is (-399)/665*(-2 - -7)*(-1465522)/6 prime?
True
Let z = 133 - 121. Is (-1)/(-6) + ((-40222)/z)/(-7) a prime number?
True
Let i(a) = -260*a**3 - 27*a**2 - 431*a - 63. Is i(-11) a composite number?
True
Let f = 23 - -26. Suppose -25 - f = n. Let s = n - -553. Is s prime?
True
Suppose c - 5*p - 4995 = 64, 5*p = -c + 5019. Is c prime?
True
Suppose -14*p - 2908 - 662 = 0. Let s = p - -744. Is s a composite number?
True
Let g(v) = 3*v**3 - 5*v**2 + v + 18. Let f be g(4). Suppose -2*o + f = -4*q, -3*q = -4*o + q + 268. Is o prime?
True
Suppose -31*z = -b - 28*z + 130972, -b - z = -130936. Is b composite?
True
Let f(u) = 124*u**3 + u**2 - 21*u + 131. Is f(5) composite?
False
Suppose -5*i + 17 = -8. Suppose -4*c - 12 = -i*c. Suppose 0 = -c*w + 7*w + 1115. Is w prime?
True
Let t(q) = 196*q**2 + 18*q - 221. Is t(31) a prime number?
True
Let m(n) = n**3 + 13*n**2 + 2. Let w be m(-13). Suppose 47874 = 4*y - w*d, 24*d - 23940 = -2*y + 22*d. Is y prime?
True
Let q(b) = -2*b**2 + 12*b + 8. Let f be q(7). Let z be (-8)/f*13779/6. Let i = z - 1681. Is i a composite number?
False
Suppose -2*b + 3141 - 814 = g, -3*b - 3*g = -3489. Let u = b + -808. Is (3 + 131)/(-3 - u/(-116)) composite?
True
Suppose 4*x - 7 - 5 = 0, n - 86 = -3*x. Let u = -56 + n. Is 15*-1*(2 - 2611/u) composite?
True
Let j = 500 + -747. Let v = -6925 - -7287. Let r = j + v. Is r a prime number?
False
Let m be -3 + (-54457)/(-9) - (-4)/18. Suppose -7*x + m = -8183. Is x composite?
True
Let y = 37 - 34. Suppose 22240 = -4*u - 3*k, -7*k + 3*k + 16705 = -y*u. Let t = 8216 + u. Is t prime?
False
Suppose 272897 = -549*l + 550*l + s, -5*l + 5*s + 1364545 = 0. Is l prime?
True
Suppose t = 3*t - m - 9, 4*m + 10 = -5*t. Suppose 4*r = 3*r + 5*u - 8, u = 2*r - t. Suppose 0 = r*q + 3*q - 435. Is q prime?
False
Suppose 15 = 2*z - 5*l, 4 = l + 5. Suppose 2*x = z*f - 51833, -3*x = -3*f - f + 41465. Is f composite?
True
Let d(l) = 22*l**2 + 38*l - 85. Let j(t) = -110*t**2 - 191*t + 427. Let p(g) = 11*d(g) + 2*j(g). Is p(13) prime?
False
Let t be (53780/25)/(1 - 6/10). Let r = -3835 + t. Is r a prime number?
True
Is 5*6/(300/816890) a composite number?
False
Let a be (2 - -2) + 2/6*-3. Suppose -8*p - 5 = a. Is -3 + 2 + (0 - p) + 205 a composite number?
True
Let s = -719 - -264. Suppose q + 1 + 3 = 0, q - 524 = -3*g. Let v = g - s. Is v prime?
True
Suppose 2*u - 21 - 27 = -5*r, -4*u + 24 = r. Let a be r/10*(1 + -76). Is -6*5/a*3274 composite?
False
Let n be -962 + 2/(-2) + 2 + -2. Let s = 1370 + n. Suppose -2*g + 0*g + 278 = -2*b, -s = -3*g + b. Is g prime?
False
Let h = 175 - 10. Let y be (6 + 2 + 76)*8/1. Suppose -h + 3 = -u + 5*j, y = 4*u + 4*j. Is u a composite number?
False
Suppose 4*s - 152 = -2*s - 2*i, 5*i = -s + 30. Is s/(175/70392) + 5 a prime number?
True
Suppose 4462 = 5*k - 3*m - 73496, -62363 = -4*k - m. Suppose 19*v = 22*v - k. Is v a composite number?
False
Let x(c) = c**3 + 5*c**2 + 10*c + 9. Let a be x(-3). Suppose -s = -552 + 1575. Is (s + 1)*(a/(-3))/(-2) a composite number?
True
Let o be 3/(15 - 168/11). Let g(w) = -13*w**2 + 88*w + 97. Let d(i) = -4*i**2 + 29*i + 32. Let u(p) = -7*d(p) + 2*g(p). Is u(o) composite?
False
Suppose 0 = 6*r + 3*r - 27. Suppose -r*c + 6 = -t, -3*c + 11 = 4*t + 5. Suppose t = -13*n - 4*n + 53771. Is n a composite number?
False
Suppose -4 = -2*l, -6*m + 2*m + 3*l + 22 = 0. Let c(i) = -i**3 + 9*i**2 - 12*i - 12. Let h be c(m). Let v(p) = 117*p**2 + 6*p - 7. Is v(h) composite?
True
Is (-4 - 5699430/(-42)) + (-1)/((-7)/2) composite?
False
Let l = 401282 - 267381. Is l composite?
True
Let l = 13844 + 17877. Is l a prime number?
True
Let i be 12/4 + (-1 - -1). Suppose 2*a + 14*x - 13*x - 2435 = 0, i*a - 3*x = 3648. Is a composite?
False
Let i = -411 + 414. Is (i/6)/((-5)/(-4790)) a composite number?
False
Suppose 8*k - 4*k = -192. Let j be 465/2 + (-72)/k. Let p = j + 695. Is p prime?
True
Let f = 36 + -22. Let h = f + -2. Suppose 2*k = h*k - 4270. Is k a prime number?
False
Suppose 9*n + 16244 = 13*n. Let s = -2548 + n. Is (-12 + 11)*(2 - s) a composite number?
False
Let z = 340 + -328. Is 11535/5*4/z a composite number?
False
Let a(n) = n**2 + 7*n + 8. Let y be a(-3). Let v be (-42)/28 - (-186)/y. Let r = -27 - v. Is r a prime number?
False
Suppose 0 = 9*v - 8*v. Suppose 5882 = 5*y - 4*u, -5*y + 5892 = -v*y + u. Let w = y - -2327. Is w a composite number?
True
Let f(g) = 15*g**3 + 3*g**2 + g - 1. Let b be f(1). Suppose -i = -b*i + 23137. Is i a prime number?
True
Let f = 45194 - 31303. Is f composite?
True
Suppose -67*p + 21670946 = 8293927. Is p prime?
True
Let l(z) = -z**3 - 48*z**2 - 109*z - 64. Let v be l(-46). Suppose -727*u + v*u = -77049. Is u prime?
False
Suppose 2774 - 314 = 2*x. Let b be (0 - -32 - 2)*x/20. Let l = -1048 + b. Is l prime?
True
Suppose -w - 3535 - 4221 = 0. Let o = w - -11655. Is o prime?
False
Let m(i) = -296*i**3 + 4*i**2 - 5*i + 3. Let y be m(2). Let z = 4048 - y. Is z a composite number?
True
Suppose 17 = 2*c - 5*a, -c - a + 6 = -3*a. Is 206/c*138/(-23) prime?
False
Suppose 44 = -2*t + 42. Let p be (-10 - t)*-1*3/9. Suppose 39 + 20 = 2*i + p*q, -17 = -i - 4*q. Is i prime?
True
Let h = -49 - -4. Is 2568 - h/30*4/6 prime?
False
Suppose 4*p - 5*g - 2722328 = -g, -4*p = -5*g - 2722329. Is p a composite number?
True
Let q(r) = 621*r. Let z be q(-1). Let v = -1489 + z. Is v*((-1)/2)/1 prime?
False
Suppose 2*g = 5*f + 945093, -51*g - 2*f = -54*g + 1417667. Is